{"id":8,"date":"2018-01-03T10:28:34","date_gmt":"2018-01-03T10:28:34","guid":{"rendered":"http:\/\/www.cabanaspucon.com\/?page_id=8"},"modified":"2026-01-19T22:28:38","modified_gmt":"2026-01-19T22:28:38","slug":"about","status":"publish","type":"page","link":"https:\/\/www.cabanaspucon.com\/?page_id=8","title":{"rendered":"Fotos"},"content":{"rendered":"<p><img loading=\"lazy\" decoding=\"async\" class=\"alignnone size-medium wp-image-508\" src=\"http:\/\/www.cabanaspucon.com\/wp-content\/uploads\/2023\/01\/Mapa-Cabanas-Pucon-300x213.png\" alt=\"Caba\u00f1as en Pucon\" width=\"300\" height=\"213\" srcset=\"https:\/\/www.cabanaspucon.com\/wp-content\/uploads\/2023\/01\/Mapa-Cabanas-Pucon-300x213.png 300w, https:\/\/www.cabanaspucon.com\/wp-content\/uploads\/2023\/01\/Mapa-Cabanas-Pucon.png 748w\" sizes=\"(max-width: 300px) 100vw, 300px\" \/>\u00a0<img loading=\"lazy\" decoding=\"async\" class=\"alignnone size-medium wp-image-90\" src=\"http:\/\/www.cabanaspucon.com\/wp-content\/uploads\/2018\/01\/Pucon-Chile-300x225.jpg\" alt=\"\" width=\"300\" height=\"225\" srcset=\"https:\/\/www.cabanaspucon.com\/wp-content\/uploads\/2018\/01\/Pucon-Chile-300x225.jpg 300w, https:\/\/www.cabanaspucon.com\/wp-content\/uploads\/2018\/01\/Pucon-Chile-768x576.jpg 768w, https:\/\/www.cabanaspucon.com\/wp-content\/uploads\/2018\/01\/Pucon-Chile-1024x768.jpg 1024w\" sizes=\"(max-width: 300px) 100vw, 300px\" \/> <img loading=\"lazy\" decoding=\"async\" class=\"alignnone size-medium wp-image-82\" src=\"http:\/\/www.cabanaspucon.com\/wp-content\/uploads\/2018\/01\/Dormitroio-2-Pucon-300x225.jpg\" alt=\"\" width=\"300\" height=\"225\" srcset=\"https:\/\/www.cabanaspucon.com\/wp-content\/uploads\/2018\/01\/Dormitroio-2-Pucon-300x225.jpg 300w, https:\/\/www.cabanaspucon.com\/wp-content\/uploads\/2018\/01\/Dormitroio-2-Pucon-768x576.jpg 768w, https:\/\/www.cabanaspucon.com\/wp-content\/uploads\/2018\/01\/Dormitroio-2-Pucon-1024x768.jpg 1024w\" sizes=\"(max-width: 300px) 100vw, 300px\" \/> <img loading=\"lazy\" decoding=\"async\" class=\"alignnone size-medium wp-image-78\" src=\"http:\/\/www.cabanaspucon.com\/wp-content\/uploads\/2018\/01\/Dormitorio-Pucon-300x225.jpg\" alt=\"\" width=\"300\" height=\"225\" srcset=\"https:\/\/www.cabanaspucon.com\/wp-content\/uploads\/2018\/01\/Dormitorio-Pucon-300x225.jpg 300w, https:\/\/www.cabanaspucon.com\/wp-content\/uploads\/2018\/01\/Dormitorio-Pucon-768x576.jpg 768w, https:\/\/www.cabanaspucon.com\/wp-content\/uploads\/2018\/01\/Dormitorio-Pucon-1024x768.jpg 1024w\" sizes=\"(max-width: 300px) 100vw, 300px\" \/>\u00a0<img loading=\"lazy\" decoding=\"async\" class=\"alignnone size-medium wp-image-83\" src=\"http:\/\/www.cabanaspucon.com\/wp-content\/uploads\/2018\/01\/Cocina-e1514980361479-225x300.jpg\" alt=\"\" width=\"225\" height=\"300\" srcset=\"https:\/\/www.cabanaspucon.com\/wp-content\/uploads\/2018\/01\/Cocina-e1514980361479-225x300.jpg 225w, https:\/\/www.cabanaspucon.com\/wp-content\/uploads\/2018\/01\/Cocina-e1514980361479-768x1024.jpg 768w\" sizes=\"(max-width: 225px) 100vw, 225px\" \/>\u00a0<img loading=\"lazy\" decoding=\"async\" class=\"alignnone size-medium wp-image-113\" src=\"http:\/\/www.cabanaspucon.com\/wp-content\/uploads\/2018\/01\/Copigues-160x300.jpg\" alt=\"\" width=\"160\" height=\"300\" srcset=\"https:\/\/www.cabanaspucon.com\/wp-content\/uploads\/2018\/01\/Copigues-160x300.jpg 160w, https:\/\/www.cabanaspucon.com\/wp-content\/uploads\/2018\/01\/Copigues.jpg 376w\" sizes=\"(max-width: 160px) 100vw, 160px\" \/>\u00a0<img loading=\"lazy\" decoding=\"async\" class=\"alignnone size-medium wp-image-84\" style=\"font-size: 1rem;\" src=\"http:\/\/www.cabanaspucon.com\/wp-content\/uploads\/2018\/01\/Pucon-e1514980379158-225x300.jpg\" alt=\"\" width=\"225\" height=\"300\" srcset=\"https:\/\/www.cabanaspucon.com\/wp-content\/uploads\/2018\/01\/Pucon-e1514980379158-225x300.jpg 225w, https:\/\/www.cabanaspucon.com\/wp-content\/uploads\/2018\/01\/Pucon-e1514980379158-768x1024.jpg 768w\" sizes=\"(max-width: 225px) 100vw, 225px\" \/><img loading=\"lazy\" decoding=\"async\" class=\"alignnone size-medium wp-image-104\" src=\"http:\/\/www.cabanaspucon.com\/wp-content\/uploads\/2018\/01\/Cabanas-Pucon-7-300x225.jpg\" alt=\"\" width=\"300\" height=\"225\" srcset=\"https:\/\/www.cabanaspucon.com\/wp-content\/uploads\/2018\/01\/Cabanas-Pucon-7-300x225.jpg 300w, https:\/\/www.cabanaspucon.com\/wp-content\/uploads\/2018\/01\/Cabanas-Pucon-7-768x576.jpg 768w, https:\/\/www.cabanaspucon.com\/wp-content\/uploads\/2018\/01\/Cabanas-Pucon-7-1024x768.jpg 1024w\" sizes=\"(max-width: 300px) 100vw, 300px\" \/> <img loading=\"lazy\" decoding=\"async\" class=\"alignnone  wp-image-105\" src=\"http:\/\/www.cabanaspucon.com\/wp-content\/uploads\/2018\/01\/Living-300x225.jpg\" alt=\"\" width=\"303\" height=\"227\" srcset=\"https:\/\/www.cabanaspucon.com\/wp-content\/uploads\/2018\/01\/Living-300x225.jpg 300w, https:\/\/www.cabanaspucon.com\/wp-content\/uploads\/2018\/01\/Living-768x576.jpg 768w, https:\/\/www.cabanaspucon.com\/wp-content\/uploads\/2018\/01\/Living-1024x768.jpg 1024w\" sizes=\"(max-width: 303px) 100vw, 303px\" \/> <img loading=\"lazy\" decoding=\"async\" class=\"alignnone  wp-image-94\" src=\"http:\/\/www.cabanaspucon.com\/wp-content\/uploads\/2018\/01\/cropped-Pucon-Chile-300x219.jpg\" alt=\"\" width=\"286\" height=\"209\" srcset=\"https:\/\/www.cabanaspucon.com\/wp-content\/uploads\/2018\/01\/cropped-Pucon-Chile-300x219.jpg 300w, https:\/\/www.cabanaspucon.com\/wp-content\/uploads\/2018\/01\/cropped-Pucon-Chile-768x561.jpg 768w, https:\/\/www.cabanaspucon.com\/wp-content\/uploads\/2018\/01\/cropped-Pucon-Chile-1024x748.jpg 1024w, https:\/\/www.cabanaspucon.com\/wp-content\/uploads\/2018\/01\/cropped-Pucon-Chile.jpg 2000w\" sizes=\"(max-width: 286px) 100vw, 286px\" \/> <img loading=\"lazy\" decoding=\"async\" class=\"alignnone  wp-image-473\" src=\"http:\/\/www.cabanaspucon.com\/wp-content\/uploads\/2022\/02\/Cabanas-en-Pucon-Modo-Relax-300x199.jpg\" alt=\"\" width=\"316\" height=\"210\" srcset=\"https:\/\/www.cabanaspucon.com\/wp-content\/uploads\/2022\/02\/Cabanas-en-Pucon-Modo-Relax-300x199.jpg 300w, https:\/\/www.cabanaspucon.com\/wp-content\/uploads\/2022\/02\/Cabanas-en-Pucon-Modo-Relax-768x509.jpg 768w, https:\/\/www.cabanaspucon.com\/wp-content\/uploads\/2022\/02\/Cabanas-en-Pucon-Modo-Relax.jpg 898w\" sizes=\"(max-width: 316px) 100vw, 316px\" \/><\/p>\n<h2 class=\"entry-title\">NATURALEZA Y DESCANSO<\/h2>\n<p><img loading=\"lazy\" decoding=\"async\" class=\"wp-image-63 alignnone\" src=\"http:\/\/www.cabanaspucon.com\/wp-content\/uploads\/2018\/01\/Cabanas-Pucon-4-300x180.jpg\" alt=\"\" width=\"302\" height=\"181\" srcset=\"https:\/\/www.cabanaspucon.com\/wp-content\/uploads\/2018\/01\/Cabanas-Pucon-4-300x180.jpg 300w, https:\/\/www.cabanaspucon.com\/wp-content\/uploads\/2018\/01\/Cabanas-Pucon-4-768x461.jpg 768w, https:\/\/www.cabanaspucon.com\/wp-content\/uploads\/2018\/01\/Cabanas-Pucon-4-1024x614.jpg 1024w, https:\/\/www.cabanaspucon.com\/wp-content\/uploads\/2018\/01\/Cabanas-Pucon-4.jpg 1280w\" sizes=\"(max-width: 302px) 100vw, 302px\" \/><\/p>\n<p><span style=\"font-size: 1rem;\">Nuestras caba\u00f1as estan completamente equipadas para 6 personas con plumones, sabanas, platos, ollas ect.\u00a0 Turistas s<\/span><span style=\"font-size: 1rem;\">iempre nos comentan que Caba\u00f1as Pomerania Puc\u00f3n es un lugar sano, limpio y tranquilo.<\/span><\/p>\n<p><img loading=\"lazy\" decoding=\"async\" class=\"size-medium wp-image-61 alignnone\" src=\"http:\/\/www.cabanaspucon.com\/wp-content\/uploads\/2018\/01\/Asados-300x169.jpg\" alt=\"\" width=\"300\" height=\"169\" srcset=\"https:\/\/www.cabanaspucon.com\/wp-content\/uploads\/2018\/01\/Asados-300x169.jpg 300w, https:\/\/www.cabanaspucon.com\/wp-content\/uploads\/2018\/01\/Asados-768x432.jpg 768w, https:\/\/www.cabanaspucon.com\/wp-content\/uploads\/2018\/01\/Asados-1024x576.jpg 1024w, https:\/\/www.cabanaspucon.com\/wp-content\/uploads\/2018\/01\/Asados.jpg 1920w\" sizes=\"(max-width: 300px) 100vw, 300px\" \/><\/p>\n<p>Nuestras Caba\u00f1as en Pucon cuentan con mesas afuera donde podra disfrutar de un rico asado y crear recuerdos inolvidables en familia.<\/p>\n<p><img loading=\"lazy\" decoding=\"async\" class=\"alignnone size-medium wp-image-466\" src=\"http:\/\/www.cabanaspucon.com\/wp-content\/uploads\/2022\/02\/Hamaca-Cabanas-Pen-Pcon-Bosque-Piscina-300x300.jpg\" alt=\"\" width=\"300\" height=\"300\" srcset=\"https:\/\/www.cabanaspucon.com\/wp-content\/uploads\/2022\/02\/Hamaca-Cabanas-Pen-Pcon-Bosque-Piscina-300x300.jpg 300w, https:\/\/www.cabanaspucon.com\/wp-content\/uploads\/2022\/02\/Hamaca-Cabanas-Pen-Pcon-Bosque-Piscina-150x150.jpg 150w, https:\/\/www.cabanaspucon.com\/wp-content\/uploads\/2022\/02\/Hamaca-Cabanas-Pen-Pcon-Bosque-Piscina-100x100.jpg 100w, https:\/\/www.cabanaspucon.com\/wp-content\/uploads\/2022\/02\/Hamaca-Cabanas-Pen-Pcon-Bosque-Piscina.jpg 720w\" sizes=\"(max-width: 300px) 100vw, 300px\" \/><\/p>\n<p style=\"text-align: left;\"><span style=\"font-size: 1rem;\"><span style=\"font-size: 1rem;\">Estamos ubicadas en un bosque nativo, la naturaleza le har\u00e1 olvidar todo el estres del a\u00f1o y las estrellas\u00a0<\/span><\/span><span style=\"font-size: 1rem;\">sin contaminaci\u00f3n lum\u00ednica\u00a0<\/span><span style=\"font-size: 1rem;\">le ayudar\u00e1n a so\u00f1ar. <\/span><span style=\"font-size: 1rem;\">Caba\u00f1as Pomerania tienen ademas, una piscina grande para nadar y camas de sol para &#8216;total relaxation&#8217;.\u00a0\u00a0<\/span><\/p>\n<p><strong>No se admiten mascotas de ningun tama\u00f1o.<\/strong><\/p>\n<h2 class=\"entry-title\">A CAMINAR..<\/h2>\n<p>Esta vista del Volc\u00e1n esta a s\u00f3lo 10 minutos caminata de nuestras caba\u00f1as.<\/p>\n<p><strong>La Felicidad es&#8230; Una Caba\u00f1a en Puc\u00f3n en El Bosque<\/strong><\/p>\n<p><img loading=\"lazy\" decoding=\"async\" class=\"alignnone  wp-image-442\" src=\"http:\/\/www.cabanaspucon.com\/wp-content\/uploads\/2022\/02\/Walking-in-nature-218x300.jpeg\" alt=\"\" width=\"150\" height=\"208\" \/> <img loading=\"lazy\" decoding=\"async\" class=\"alignnone  wp-image-73\" style=\"font-size: 1rem;\" src=\"http:\/\/www.cabanaspucon.com\/wp-content\/uploads\/2018\/01\/Volcan-Villarica-300x131.jpg\" alt=\"\" width=\"475\" height=\"206\" srcset=\"https:\/\/www.cabanaspucon.com\/wp-content\/uploads\/2018\/01\/Volcan-Villarica-300x131.jpg 300w, https:\/\/www.cabanaspucon.com\/wp-content\/uploads\/2018\/01\/Volcan-Villarica.jpg 550w\" sizes=\"(max-width: 475px) 100vw, 475px\" \/><\/p>\n<h2>\u00a0<\/h2>\n<h2 class=\"entry-title\">\u00a1LLAMENOS YA PARA NO QUEDARSE SIN RESERVA!<\/h2>\n<h2 align=\"center\"><a href=\"https:\/\/wa.me\/+56992151559\">\u00a1Ll\u00e1menos Ya!<\/a><\/h2>\n<h2 align=\"center\">\u00a0<\/h2>\n<p><a href=\"..\">+56 992151559<\/a><\/p>\n\n\n<p><\/p>\n","protected":false},"excerpt":{"rendered":"<p>\u00a0 \u00a0\u00a0\u00a0 NATURALEZA Y DESCANSO Nuestras caba\u00f1as estan completamente equipadas para 6 personas con plumones, sabanas, platos, ollas ect.\u00a0 Turistas siempre nos comentan que Caba\u00f1as Pomerania Puc\u00f3n es un lugar sano, limpio y tranquilo. Nuestras Caba\u00f1as en Pucon cuentan con mesas afuera donde podra disfrutar de un rico asado y crear recuerdos inolvidables en familia. &hellip; <\/p>\n<p class=\"link-more\"><a href=\"https:\/\/www.cabanaspucon.com\/?page_id=8\" class=\"more-link\">Continue reading<span class=\"screen-reader-text\"> &#8220;Fotos&#8221;<\/span><\/a><\/p>\n","protected":false},"author":1,"featured_media":0,"parent":0,"menu_order":0,"comment_status":"closed","ping_status":"closed","template":"","meta":{"footnotes":""},"_links":{"self":[{"href":"https:\/\/www.cabanaspucon.com\/index.php?rest_route=\/wp\/v2\/pages\/8"}],"collection":[{"href":"https:\/\/www.cabanaspucon.com\/index.php?rest_route=\/wp\/v2\/pages"}],"about":[{"href":"https:\/\/www.cabanaspucon.com\/index.php?rest_route=\/wp\/v2\/types\/page"}],"author":[{"embeddable":true,"href":"https:\/\/www.cabanaspucon.com\/index.php?rest_route=\/wp\/v2\/users\/1"}],"replies":[{"embeddable":true,"href":"https:\/\/www.cabanaspucon.com\/index.php?rest_route=%2Fwp%2Fv2%2Fcomments&post=8"}],"version-history":[{"count":97,"href":"https:\/\/www.cabanaspucon.com\/index.php?rest_route=\/wp\/v2\/pages\/8\/revisions"}],"predecessor-version":[{"id":704,"href":"https:\/\/www.cabanaspucon.com\/index.php?rest_route=\/wp\/v2\/pages\/8\/revisions\/704"}],"wp:attachment":[{"href":"https:\/\/www.cabanaspucon.com\/index.php?rest_route=%2Fwp%2Fv2%2Fmedia&parent=8"}],"curies":[{"name":"wp","href":"https:\/\/api.w.org\/{rel}","templated":true}]}}